{"id":2038,"date":"2022-06-09T12:42:04","date_gmt":"2022-06-09T12:42:04","guid":{"rendered":"https:\/\/craft-coders.de\/WordPress_SecureMode_01\/custom-atlassian-apps\/"},"modified":"2024-08-16T17:17:53","modified_gmt":"2024-08-16T17:17:53","slug":"custom-atlassian-apps","status":"publish","type":"page","link":"https:\/\/craft-coders.de\/WordPress_SecureMode_01\/custom-atlassian-apps\/","title":{"rendered":"Jira und Confluence Add-ons"},"content":{"rendered":"<div id=\"cs-content\" class=\"cs-content\"><div class=\"x-section e2038-e1 m1km-0 m1km-1 m1km-2 m1km-3\"><div class=\"x-bg\"><div class=\"x-bg-layer-lower-img\"><img decoding=\"async\" src=\"https:\/\/craft-coders.de\/WordPress_SecureMode_01\/wp-content\/uploads\/2022\/06\/shutterstock_1803621895_2.jpg\" alt=\"Image\" loading=\"lazy\" style=\"object-fit: cover; object-position: center;\"\/><\/div><\/div><div class=\"x-row e2038-e2 m1km-a m1km-b m1km-c m1km-d m1km-g m1km-h\"><div class=\"x-row-inner\"><div class=\"x-col e2038-e3 m1km-q m1km-r m1km-s m1km-t\"><div class=\"x-text x-content e2038-e4 m1km-w m1km-x m1km-y m1km-z m1km-10\"><h1>Atlassian Add-ons<\/h1><\/div><div class=\"x-text x-content e2038-e5 m1km-x m1km-y m1km-10 m1km-11\"><h2>Individuelle Add-ons f&uuml;r Jira &amp; Confluence<\/h2><\/div><\/div><\/div><\/div><\/div><div class=\"x-section e2038-e6 m1km-0 m1km-1 m1km-3 m1km-4\"><div class=\"x-row x-container max width e2038-e7 m1km-a m1km-c m1km-d m1km-g m1km-i\"><div class=\"x-row-inner\"><div class=\"x-col e2038-e8 m1km-r m1km-u\"><div class=\"x-text x-content e2038-e9 m1km-w m1km-x m1km-12 m1km-13 m1km-14 m1km-15\">Jira und Confluence sind m\u00e4chtige Werkzeuge, und mit Add-ons k\u00f6nnen Sie noch mehr aus ihnen herausholen. Wenn Sie Anforderungen haben, f\u00fcr die noch kein Add-on auf dem Atlassian Marketplace existiert, k\u00f6nnen wir ein benutzerdefiniertes Add-on f\u00fcr Sie erstellen.<\/div><\/div><\/div><\/div><\/div><div class=\"x-section e2038-e10 m1km-0 m1km-1 m1km-5 m1km-6\"><div class=\"x-row x-container max width e2038-e11 m1km-a m1km-d m1km-e m1km-j m1km-k\"><div class=\"x-row-inner\"><div class=\"x-col e2038-e12 m1km-r m1km-t\"><div class=\"x-text x-text-headline e2038-e13 m1km-19 m1km-1a\"><div class=\"x-text-content\"><div class=\"x-text-content-text\"><h2 class=\"x-text-content-text-primary\">Add-on Typen<\/h2><\/div><\/div><\/div><hr class=\"x-line e2038-e14 m1km-1c\"><\/hr><ul  class=\"x-feature-list\"  data-x-element=\"feature_list\" data-x-params=\"{&quot;animationOffset&quot;:&quot;50&quot;,&quot;animationDelayInitial&quot;:&quot;0&quot;,&quot;animationDelayBetween&quot;:&quot;300&quot;}\"><li  class=\"x-feature-box left-text top-text cf\" style=\" max-width: none;\" data-x-element=\"feature_box\" data-x-params=\"{&quot;child&quot;:true,&quot;graphicAnimation&quot;:&quot;none&quot;,&quot;connectorAnimation&quot;:&quot;none&quot;,&quot;alignH&quot;:&quot;left&quot;,&quot;alignV&quot;:&quot;top&quot;}\"><span class=\"x-feature-box-connector full\" style=\"font-size: 60px; left: 0; right: calc(100% - 60px); border-left: 1px solid transparent;\"><\/span><div class=\"x-feature-box-graphic circle \"><div class=\"x-feature-box-graphic-outer circle\" style=\" margin-right: 20px;\"><div class=\"x-feature-box-graphic-inner circle\" style=\"font-size: 60px;\"><i class=\"x-icon-cloud circle\" data-x-icon-s=\"&#xf0c2;\"  style=\"margin: 0 auto; color: #ffffff; background-color: rgb(234, 178, 100);\"><\/i><\/div><\/div><\/div><div class=\"x-feature-box-content \"><h4 class=\"x-feature-box-title\">Cloud<\/h4><p class=\"x-feature-box-text\" style=\"color: rgb(83,83,83);\">Wir entwickeln Add-ons f\u00fcr Jira und Confluence Cloud mit dem neuen Atlassian Forge Framework. Die Entwicklung erfolgt in TypeScript (Node.js), und das Ergebnis l\u00e4uft in der Atlassian Cloud als serverlose Anwendung.<\/p><\/div><\/li><li  class=\"x-feature-box left-text top-text cf\" style=\" max-width: none;\" data-x-element=\"feature_box\" data-x-params=\"{&quot;child&quot;:true,&quot;graphicAnimation&quot;:&quot;none&quot;,&quot;connectorAnimation&quot;:&quot;none&quot;,&quot;alignH&quot;:&quot;left&quot;,&quot;alignV&quot;:&quot;top&quot;}\"><span class=\"x-feature-box-connector full\" style=\"font-size: 60px; left: 0; right: calc(100% - 60px); border-left: 1px solid transparent;\"><\/span><div class=\"x-feature-box-graphic circle \"><div class=\"x-feature-box-graphic-outer circle\" style=\" margin-right: 20px;\"><div class=\"x-feature-box-graphic-inner circle\" style=\"font-size: 60px;\"><i class=\"x-icon-server circle\" data-x-icon-s=\"&#xf233;\"  style=\"margin: 0 auto; color: #ffffff; background-color: rgb(234, 178, 100);\"><\/i><\/div><\/div><\/div><div class=\"x-feature-box-content \"><h4 class=\"x-feature-box-title\">Data Center \/ Server Apps<\/h4><p class=\"x-feature-box-text\" style=\"color: rgb(83,83,83);\">Wenn Sie eine vielversprechende Idee haben, die f\u00fcr viele Kunden interessant sein k\u00f6nnte, bieten wir Ihnen an, das Add-on komplett kostenlos zu entwickeln. Wir \u00fcbernehmen die Entwicklung und den Verkauf des Add-ons auf dem Marketplace. Nach der Ver\u00f6ffentlichung k\u00f6nnen Sie, wie alle anderen Kunden, eine Lizenz auf dem Marketplace erwerben.<\/p><\/div><\/li><\/ul><\/div><\/div><\/div><\/div><div class=\"x-section e2038-e18 m1km-0 m1km-1 m1km-5 m1km-7\"><div class=\"x-row x-container max width e2038-e19 m1km-a m1km-d m1km-e m1km-j m1km-l\"><div class=\"x-row-inner\"><div class=\"x-col e2038-e20 m1km-r m1km-t\"><div class=\"x-text x-text-headline e2038-e21 m1km-19 m1km-1a\"><div class=\"x-text-content\"><div class=\"x-text-content-text\"><h2 class=\"x-text-content-text-primary\">Finanzierung<\/h2><\/div><\/div><\/div><hr class=\"x-line e2038-e22 m1km-1c\"><\/hr><div class=\"x-text x-content e2038-e23 m1km-w m1km-x m1km-10 m1km-12 m1km-13 m1km-16\">Abh\u00e4ngig von Ihren Anforderungen bieten wir verschiedene M\u00f6glichkeiten der Finanzierung an. Sie k\u00f6nnen als Besitzer, Sponsor oder Ideengeber f\u00fcr ein Add-on auftreten.<\/div><hr class=\"x-line e2038-e24 m1km-1c\"><\/hr><\/div><\/div><\/div><div class=\"x-row x-container max width e2038-e25 m1km-a m1km-c m1km-d m1km-g m1km-m\"><div class=\"x-row-inner\"><div class=\"x-col e2038-e26 m1km-r m1km-t\"><ul  class=\"x-feature-list\"  data-x-element=\"feature_list\" data-x-params=\"{&quot;animationOffset&quot;:&quot;50&quot;,&quot;animationDelayInitial&quot;:&quot;0&quot;,&quot;animationDelayBetween&quot;:&quot;300&quot;}\"><li  class=\"x-feature-box left-text top-text cf\" style=\" max-width: none;\" data-x-element=\"feature_box\" data-x-params=\"{&quot;child&quot;:true,&quot;graphicAnimation&quot;:&quot;none&quot;,&quot;connectorAnimation&quot;:&quot;none&quot;,&quot;alignH&quot;:&quot;left&quot;,&quot;alignV&quot;:&quot;top&quot;}\"><span class=\"x-feature-box-connector full\" style=\"font-size: 60px; left: 0; right: calc(100% - 60px); border-left: 1px solid transparent;\"><\/span><div class=\"x-feature-box-graphic circle \"><div class=\"x-feature-box-graphic-outer circle\" style=\" margin-right: 20px;\"><div class=\"x-feature-box-graphic-inner circle\" style=\"font-size: 60px;\"><i class=\"x-icon-home circle\" data-x-icon-s=\"&#xf015;\"  style=\"margin: 0 auto; color: #ffffff; background-color: rgb(234, 178, 100);\"><\/i><\/div><\/div><\/div><div class=\"x-feature-box-content \"><h4 class=\"x-feature-box-title\">Besitzer<\/h4><p class=\"x-feature-box-text\" style=\"color: rgb(83,83,83);\">Wir entwickeln das Add-on f\u00fcr Sie, und Sie erhalten die exklusiven Nutzungsrechte an dem Add-on und dem Quellcode. Sie k\u00f6nnen das Add-on intern nutzen, weiterverkaufen oder unter Ihrem eigenen Namen auf dem Atlassian Marketplace vertreiben. Angebote auf Basis eines Festpreises oder eine Abrechnung nach Stundenlohn sind m\u00f6glich. Nach Abschluss der Entwicklung k\u00f6nnen Sie entweder selbst den Betrieb des Add-ons \u00fcbernehmen oder einen Wartungsvertrag mit uns abschlie\u00dfen.<\/p><\/div><\/li><li  class=\"x-feature-box left-text top-text cf\" style=\" max-width: none;\" data-x-element=\"feature_box\" data-x-params=\"{&quot;child&quot;:true,&quot;graphicAnimation&quot;:&quot;none&quot;,&quot;connectorAnimation&quot;:&quot;none&quot;,&quot;alignH&quot;:&quot;left&quot;,&quot;alignV&quot;:&quot;top&quot;}\"><span class=\"x-feature-box-connector full\" style=\"font-size: 60px; left: 0; right: calc(100% - 60px); border-left: 1px solid transparent;\"><\/span><div class=\"x-feature-box-graphic circle \"><div class=\"x-feature-box-graphic-outer circle\" style=\" margin-right: 20px;\"><div class=\"x-feature-box-graphic-inner circle\" style=\"font-size: 60px;\"><i class=\"x-icon-running circle\" data-x-icon-s=\"&#xf70c;\"  style=\"margin: 0 auto; color: #ffffff; background-color: rgb(234, 178, 100);\"><\/i><\/div><\/div><\/div><div class=\"x-feature-box-content \"><h4 class=\"x-feature-box-title\">Sponsor<\/h4><p class=\"x-feature-box-text\" style=\"color: rgb(83,83,83);\">Wenn Sie ein Add-on f\u00fcr einen Anwendungsfall ben\u00f6tigen, der auch f\u00fcr andere Kunden interessant sein k\u00f6nnte, k\u00f6nnen Sie Sponsor des Add-ons werden. Sie zahlen einen reduzierten Preis im Vergleich zu einer exklusiven Entwicklung, und wir ver\u00f6ffentlichen und verkaufen das Add-on unter unserem eigenen Namen auf dem Atlassian Marketplace. Im Gegenzug erhalten Sie ein kostenloses, lebenslanges Nutzungsrecht f\u00fcr das Add-on auf beliebig vielen Instanzen. Sie d\u00fcrfen das Add-on jedoch nicht weiterverkaufen. Nach der Ver\u00f6ffentlichung des Add-ons erhalten Sie kostenlose Wartung und Updates, wie alle anderen Marketplace-Kunden auch.<\/p><\/div><\/li><li  class=\"x-feature-box left-text top-text cf\" style=\" max-width: none;\" data-x-element=\"feature_box\" data-x-params=\"{&quot;child&quot;:true,&quot;graphicAnimation&quot;:&quot;none&quot;,&quot;connectorAnimation&quot;:&quot;none&quot;,&quot;alignH&quot;:&quot;left&quot;,&quot;alignV&quot;:&quot;top&quot;}\"><span class=\"x-feature-box-connector full\" style=\"font-size: 60px; left: 0; right: calc(100% - 60px); border-left: 1px solid transparent;\"><\/span><div class=\"x-feature-box-graphic circle \"><div class=\"x-feature-box-graphic-outer circle\" style=\" margin-right: 20px;\"><div class=\"x-feature-box-graphic-inner circle\" style=\"font-size: 60px;\"><i class=\"x-icon-lightbulb circle\" data-x-icon-s=\"&#xf0eb;\"  style=\"margin: 0 auto; color: #ffffff; background-color: rgb(234, 178, 100);\"><\/i><\/div><\/div><\/div><div class=\"x-feature-box-content \"><h4 class=\"x-feature-box-title\">Ideengeber<\/h4><p class=\"x-feature-box-text\" style=\"color: rgb(83,83,83);\">Falls Sie eine sehr gute Idee haben, die f\u00fcr viele Kunden interessant sein k\u00f6nnte, k\u00f6nnen wir Ihnen auch anbieten, das Add-on f\u00fcr Sie komplett kostenlos zu entwickeln. Wir entwickeln dann das Add-on und verkaufen es auf dem Marketplace. Nach Ver\u00f6ffentlichung k\u00f6nnen Sie sich einfach eine Lizenz auf dem Marketplace kaufen, so wie andere Kunden.<\/p><\/div><\/li><\/ul><\/div><\/div><\/div><\/div><div class=\"x-section e2038-e31 m1km-0 m1km-1 m1km-2 m1km-3 m1km-8\"><div class=\"x-row e2038-e32 m1km-a m1km-d m1km-e m1km-j m1km-n\"><div class=\"x-row-inner\"><div class=\"x-col e2038-e33 m1km-r m1km-t\"><div class=\"x-text x-content e2038-e34 m1km-w m1km-x m1km-12 m1km-17\"><iframe loading=\"lazy\" width=\"767px\" height=\"2000px\" src=\"https:\/\/forms.office.com\/Pages\/ResponsePage.aspx?id=5vJ87SJLIkq-I4vF436ix_GZwG0S0eBBmKnlrM3ati5UMjhUUjRNM0VIR0hTNVNQVjI4RVZVUFk5WC4u&amp;embed=true\" frameborder=\"0\" marginwidth=\"0\" marginheight=\"0\" allowfullscreen=\"allowfullscreen\" webkitallowfullscreen=\"webkitallowfullscreen\" mozallowfullscreen=\"mozallowfullscreen\" msallowfullscreen=\"\"> <\/iframe><\/div><\/div><\/div><\/div><\/div><div class=\"x-section e2038-e35 m1km-0 m1km-3 m1km-4 m1km-9\"><div class=\"x-row x-container max width e2038-e36 m1km-a m1km-d m1km-e m1km-j m1km-o\"><div class=\"x-row-inner\"><div class=\"x-col e2038-e37 m1km-r m1km-t\"><div class=\"x-text x-text-headline e2038-e38 m1km-19 m1km-1b\"><div class=\"x-text-content\"><div class=\"x-text-content-text\"><h2 class=\"x-text-content-text-primary\">Wir helfen gerne weiter<\/h2><\/div><\/div><\/div><div class=\"x-text x-content e2038-e39 m1km-x m1km-12 m1km-13 m1km-14 m1km-18\">Egal, ob Sie Fragen haben, eine Projektidee im Kopf haben oder bereits genau wissen, was Sie m\u00f6chten: Z\u00f6gern Sie nicht, sich mit uns in Verbindung zu setzen.<\/div><\/div><\/div><\/div><div class=\"x-row x-container max width e2038-e40 m1km-a m1km-e m1km-f m1km-j m1km-p\"><div class=\"x-row-inner\"><div class=\"x-col e2038-e41 m1km-r m1km-s m1km-t m1km-v\"><a class=\"x-anchor x-anchor-button e2038-e42 m1km-1d magic-t-link\" tabindex=\"0\" href=\"#\"><div class=\"x-anchor-content\"><div class=\"x-anchor-text\"><span class=\"x-anchor-text-primary\"><i data-x-icon-s=\"\uf095\" aria-hidden=\"true\" class=\"x-icon-phone\"><\/i>&nbsp;<span class=\"magic-t\"><span style=\"unicode-bidi:bidi-override;direction:rtl\">57544959 1270<\/span><\/span<\/span><\/div><\/div><\/a><\/div><div class=\"x-col e2038-e43 m1km-r m1km-t m1km-v\"><a class=\"x-anchor x-anchor-button e2038-e44 m1km-1d magic-e-link\" tabindex=\"0\" href=\"#\"><div class=\"x-anchor-content\"><div class=\"x-anchor-text\"><span class=\"x-anchor-text-primary\"><i data-x-icon-s=\"\uf0e0\" aria-hidden=\"true\" class=\"x-icon-envelope\"><\/i>&nbsp;<span class=\"magic-e\"><span style=\"unicode-bidi:bidi-override;direction:rtl\">ed.sredoc-tfarc@liam<\/span><\/span<\/span><\/div><\/div><\/a><\/div><div class=\"x-col e2038-e45 m1km-r m1km-t m1km-v\"><a class=\"x-anchor x-anchor-button e2038-e46 m1km-1d\" tabindex=\"0\" href=\"https:\/\/craft-coders.de\/WordPress_SecureMode_01\/contact\/\"><div class=\"x-anchor-content\"><div class=\"x-anchor-text\"><span class=\"x-anchor-text-primary\"><i data-x-icon-s=\"\uf815\" aria-hidden=\"true\" class=\"x-icon-pager\"><\/i>&nbsp;Kontaktformular<\/span><\/div><\/div><\/a><\/div><\/div><\/div><\/div><\/div>\n","protected":false},"excerpt":{"rendered":"<p>Atlassian Add-onsIndividuelle Add-ons f&uuml;r Jira &amp; ConfluenceJira und Confluence sind m\u00e4chtige Werkzeuge, und mit Add-ons k\u00f6nnen Sie noch mehr aus ihnen herausholen. Wenn Sie Anforderungen haben, f\u00fcr die noch kein Add-on auf dem Atlassian Marketplace existiert, k\u00f6nnen wir ein benutzerdefiniertes Add-on f\u00fcr Sie erstellen.Add-on TypenCloudWir entwickeln Add-ons f\u00fcr Jira und Confluence Cloud mit dem neuen Atlassian Forge Framework. Die Entwicklung &#8230; <a href=\"https:\/\/craft-coders.de\/WordPress_SecureMode_01\/custom-atlassian-apps\/\" class=\"more-link\">Read More<\/a><\/p>\n","protected":false},"author":2,"featured_media":0,"parent":0,"menu_order":0,"comment_status":"closed","ping_status":"closed","template":"template-blank-4.php","meta":{"_acf_changed":false,"inline_featured_image":false,"footnotes":""},"class_list":["post-2038","page","type-page","status-publish","hentry","no-post-thumbnail"],"acf":[],"yoast_head":"<!-- This site is optimized with the Yoast SEO plugin v22.7 - https:\/\/yoast.com\/wordpress\/plugins\/seo\/ -->\n<title>Jira und Confluence Add-ons - CraftCoders<\/title>\n<meta name=\"description\" content=\"Unser Angebot f\u00fcr benutzerdefinierte Add-ons f\u00fcr Atlassian Confluence &amp; Jira. Wir entwickeln Cloud, Server und Data Center Add-ons.\" \/>\n<meta name=\"robots\" content=\"index, follow, max-snippet:-1, max-image-preview:large, max-video-preview:-1\" \/>\n<link rel=\"canonical\" href=\"https:\/\/craft-coders.de\/WordPress_SecureMode_01\/custom-atlassian-apps\/\" \/>\n<meta property=\"og:locale\" content=\"de_DE\" \/>\n<meta property=\"og:type\" content=\"article\" \/>\n<meta property=\"og:title\" content=\"Jira und Confluence Add-ons - CraftCoders\" \/>\n<meta property=\"og:description\" content=\"Unser Angebot f\u00fcr benutzerdefinierte Add-ons f\u00fcr Atlassian Confluence &amp; Jira. Wir entwickeln Cloud, Server und Data Center Add-ons.\" \/>\n<meta property=\"og:url\" content=\"https:\/\/craft-coders.de\/WordPress_SecureMode_01\/custom-atlassian-apps\/\" \/>\n<meta property=\"og:site_name\" content=\"CraftCoders\" \/>\n<meta property=\"article:modified_time\" content=\"2024-08-16T17:17:53+00:00\" \/>\n<meta name=\"twitter:card\" content=\"summary_large_image\" \/>\n<meta name=\"twitter:label1\" content=\"Gesch\u00e4tzte Lesezeit\" \/>\n\t<meta name=\"twitter:data1\" content=\"4\u00a0Minuten\" \/>\n<script type=\"application\/ld+json\" class=\"yoast-schema-graph\">{\"@context\":\"https:\/\/schema.org\",\"@graph\":[{\"@type\":\"WebPage\",\"@id\":\"https:\/\/craft-coders.de\/WordPress_SecureMode_01\/custom-atlassian-apps\/\",\"url\":\"https:\/\/craft-coders.de\/WordPress_SecureMode_01\/custom-atlassian-apps\/\",\"name\":\"Jira und Confluence Add-ons - CraftCoders\",\"isPartOf\":{\"@id\":\"https:\/\/craft-coders.de\/WordPress_SecureMode_01\/#website\"},\"datePublished\":\"2022-06-09T12:42:04+00:00\",\"dateModified\":\"2024-08-16T17:17:53+00:00\",\"description\":\"Unser Angebot f\u00fcr benutzerdefinierte Add-ons f\u00fcr Atlassian Confluence & Jira. Wir entwickeln Cloud, Server und Data Center Add-ons.\",\"breadcrumb\":{\"@id\":\"https:\/\/craft-coders.de\/WordPress_SecureMode_01\/custom-atlassian-apps\/#breadcrumb\"},\"inLanguage\":\"de\",\"potentialAction\":[{\"@type\":\"ReadAction\",\"target\":[\"https:\/\/craft-coders.de\/WordPress_SecureMode_01\/custom-atlassian-apps\/\"]}]},{\"@type\":\"BreadcrumbList\",\"@id\":\"https:\/\/craft-coders.de\/WordPress_SecureMode_01\/custom-atlassian-apps\/#breadcrumb\",\"itemListElement\":[{\"@type\":\"ListItem\",\"position\":1,\"name\":\"Startseite\",\"item\":\"https:\/\/craft-coders.de\/WordPress_SecureMode_01\/\"},{\"@type\":\"ListItem\",\"position\":2,\"name\":\"Jira und Confluence Add-ons\"}]},{\"@type\":\"WebSite\",\"@id\":\"https:\/\/craft-coders.de\/WordPress_SecureMode_01\/#website\",\"url\":\"https:\/\/craft-coders.de\/WordPress_SecureMode_01\/\",\"name\":\"CraftCoders\",\"description\":\"Software Engineering\",\"potentialAction\":[{\"@type\":\"SearchAction\",\"target\":{\"@type\":\"EntryPoint\",\"urlTemplate\":\"https:\/\/craft-coders.de\/WordPress_SecureMode_01\/?s={search_term_string}\"},\"query-input\":\"required name=search_term_string\"}],\"inLanguage\":\"de\"}]}<\/script>\n<!-- \/ Yoast SEO plugin. -->","yoast_head_json":{"title":"Jira und Confluence Add-ons - CraftCoders","description":"Unser Angebot f\u00fcr benutzerdefinierte Add-ons f\u00fcr Atlassian Confluence & Jira. Wir entwickeln Cloud, Server und Data Center Add-ons.","robots":{"index":"index","follow":"follow","max-snippet":"max-snippet:-1","max-image-preview":"max-image-preview:large","max-video-preview":"max-video-preview:-1"},"canonical":"https:\/\/craft-coders.de\/WordPress_SecureMode_01\/custom-atlassian-apps\/","og_locale":"de_DE","og_type":"article","og_title":"Jira und Confluence Add-ons - CraftCoders","og_description":"Unser Angebot f\u00fcr benutzerdefinierte Add-ons f\u00fcr Atlassian Confluence & Jira. Wir entwickeln Cloud, Server und Data Center Add-ons.","og_url":"https:\/\/craft-coders.de\/WordPress_SecureMode_01\/custom-atlassian-apps\/","og_site_name":"CraftCoders","article_modified_time":"2024-08-16T17:17:53+00:00","twitter_card":"summary_large_image","twitter_misc":{"Gesch\u00e4tzte Lesezeit":"4\u00a0Minuten"},"schema":{"@context":"https:\/\/schema.org","@graph":[{"@type":"WebPage","@id":"https:\/\/craft-coders.de\/WordPress_SecureMode_01\/custom-atlassian-apps\/","url":"https:\/\/craft-coders.de\/WordPress_SecureMode_01\/custom-atlassian-apps\/","name":"Jira und Confluence Add-ons - CraftCoders","isPartOf":{"@id":"https:\/\/craft-coders.de\/WordPress_SecureMode_01\/#website"},"datePublished":"2022-06-09T12:42:04+00:00","dateModified":"2024-08-16T17:17:53+00:00","description":"Unser Angebot f\u00fcr benutzerdefinierte Add-ons f\u00fcr Atlassian Confluence & Jira. Wir entwickeln Cloud, Server und Data Center Add-ons.","breadcrumb":{"@id":"https:\/\/craft-coders.de\/WordPress_SecureMode_01\/custom-atlassian-apps\/#breadcrumb"},"inLanguage":"de","potentialAction":[{"@type":"ReadAction","target":["https:\/\/craft-coders.de\/WordPress_SecureMode_01\/custom-atlassian-apps\/"]}]},{"@type":"BreadcrumbList","@id":"https:\/\/craft-coders.de\/WordPress_SecureMode_01\/custom-atlassian-apps\/#breadcrumb","itemListElement":[{"@type":"ListItem","position":1,"name":"Startseite","item":"https:\/\/craft-coders.de\/WordPress_SecureMode_01\/"},{"@type":"ListItem","position":2,"name":"Jira und Confluence Add-ons"}]},{"@type":"WebSite","@id":"https:\/\/craft-coders.de\/WordPress_SecureMode_01\/#website","url":"https:\/\/craft-coders.de\/WordPress_SecureMode_01\/","name":"CraftCoders","description":"Software Engineering","potentialAction":[{"@type":"SearchAction","target":{"@type":"EntryPoint","urlTemplate":"https:\/\/craft-coders.de\/WordPress_SecureMode_01\/?s={search_term_string}"},"query-input":"required name=search_term_string"}],"inLanguage":"de"}]}},"_links":{"self":[{"href":"https:\/\/craft-coders.de\/WordPress_SecureMode_01\/wp-json\/wp\/v2\/pages\/2038","targetHints":{"allow":["GET"]}}],"collection":[{"href":"https:\/\/craft-coders.de\/WordPress_SecureMode_01\/wp-json\/wp\/v2\/pages"}],"about":[{"href":"https:\/\/craft-coders.de\/WordPress_SecureMode_01\/wp-json\/wp\/v2\/types\/page"}],"author":[{"embeddable":true,"href":"https:\/\/craft-coders.de\/WordPress_SecureMode_01\/wp-json\/wp\/v2\/users\/2"}],"replies":[{"embeddable":true,"href":"https:\/\/craft-coders.de\/WordPress_SecureMode_01\/wp-json\/wp\/v2\/comments?post=2038"}],"version-history":[{"count":16,"href":"https:\/\/craft-coders.de\/WordPress_SecureMode_01\/wp-json\/wp\/v2\/pages\/2038\/revisions"}],"predecessor-version":[{"id":2092,"href":"https:\/\/craft-coders.de\/WordPress_SecureMode_01\/wp-json\/wp\/v2\/pages\/2038\/revisions\/2092"}],"wp:attachment":[{"href":"https:\/\/craft-coders.de\/WordPress_SecureMode_01\/wp-json\/wp\/v2\/media?parent=2038"}],"curies":[{"name":"wp","href":"https:\/\/api.w.org\/{rel}","templated":true}]}}