{"id":2004,"date":"2022-06-03T18:46:55","date_gmt":"2022-06-03T18:46:55","guid":{"rendered":"https:\/\/craft-coders.de\/WordPress_SecureMode_01\/software-development\/"},"modified":"2024-08-16T12:34:42","modified_gmt":"2024-08-16T12:34:42","slug":"software-development","status":"publish","type":"page","link":"https:\/\/craft-coders.de\/WordPress_SecureMode_01\/software-development\/","title":{"rendered":"Softwareentwicklung"},"content":{"rendered":"<div id=\"cs-content\" class=\"cs-content\"><div class=\"x-section e2004-e1 m1jo-0 m1jo-1\"><div class=\"x-bg\" aria-hidden=\"true\"><div class=\"x-bg-layer-lower-custom\"><picture style=\" object-position: bottom;\" class=\"sp-no-webp\"><source srcset=\"https:\/\/craft-coders.de\/WordPress_SecureMode_01\/wp-content\/uploads\/2022\/06\/shutterstock_647475799-2-scaled-1.avif\" type=\"image\/avif\"><source srcset=\"https:\/\/craft-coders.de\/WordPress_SecureMode_01\/wp-content\/uploads\/2022\/06\/shutterstock_647475799-2-scaled-1.webp\" type=\"image\/webp\"><source srcset=\"https:\/\/craft-coders.de\/WordPress_SecureMode_01\/wp-content\/uploads\/2022\/06\/shutterstock_647475799-2-scaled-1.jpg\" type=\"image\/jpeg\"><img decoding=\"async\" src=\"https:\/\/craft-coders.de\/WordPress_SecureMode_01\/wp-content\/uploads\/2022\/06\/shutterstock_647475799-2-scaled-1.jpg\" style=\"object-fit: cover; object-position: bottom;\" class=\"sp-no-webp\" alt=\"Image\" srcset=\"https:\/\/craft-coders.de\/WordPress_SecureMode_01\/wp-content\/uploads\/2022\/06\/shutterstock_647475799-2-scaled-1.jpg\"><\/picture><\/div><\/div><div class=\"x-row e2004-e2 m1jo-5 m1jo-6 m1jo-7 m1jo-8 m1jo-9\"><div class=\"x-row-inner\"><div class=\"x-col e2004-e3 m1jo-j m1jo-k m1jo-l\"><div class=\"x-text x-content e2004-e4 m1jo-o m1jo-p m1jo-q m1jo-r m1jo-s\"><h1>Software mit Qualit\u00e4t<\/h1><\/div><div class=\"x-text x-content e2004-e5 m1jo-p m1jo-q m1jo-s m1jo-t\"><h2>Wir behalten auch das kleinste Detail im Auge<\/h2><\/div><\/div><\/div><\/div><\/div><div class=\"x-section e2004-e6 m1jo-0 m1jo-2\"><div class=\"x-row x-container max width e2004-e7 m1jo-5 m1jo-8 m1jo-a\"><div class=\"x-row-inner\"><div class=\"x-col e2004-e8 m1jo-k m1jo-m\"><div class=\"x-text x-content e2004-e9 m1jo-o m1jo-p m1jo-u m1jo-v m1jo-w\">Sie suchen Software, die auch in 5, 10 oder 15 Jahren problemlos funktioniert, einfach anzupassen ist und sicher gegen\u00fcber Angriffen bleibt? Dann sind Sie bei uns richtig.<\/div><\/div><\/div><\/div><\/div><div class=\"x-section e2004-e10 m1jo-0 m1jo-2 m1jo-3\"><div class=\"x-row x-container max width e2004-e11 m1jo-5 m1jo-8 m1jo-b\"><div class=\"x-row-inner\"><div class=\"x-col e2004-e12 m1jo-k m1jo-l\"><div class=\"x-text x-text-headline e2004-e13 m1jo-z m1jo-10\"><div class=\"x-text-content\"><div class=\"x-text-content-text\"><h3 class=\"x-text-content-text-primary\">Unsere Qualit&auml;tsmerkmale<\/h3><\/div><\/div><\/div><hr class=\"x-line e2004-e14 m1jo-12\"><\/hr><\/div><\/div><\/div><div class=\"x-row x-container max width e2004-e15 m1jo-5 m1jo-8 m1jo-c\"><div class=\"x-row-inner\"><div class=\"x-col e2004-e16 m1jo-k m1jo-l\"><div  class=\"x-feature-box center-text top-text cf\" style=\"color: rgb(83,83,83); max-width: none;\" data-x-element=\"feature_box\" data-x-params=\"{&quot;child&quot;:false,&quot;graphicAnimation&quot;:&quot;none&quot;,&quot;graphicAnimationOffset&quot;:&quot;50&quot;,&quot;graphicAnimationDelay&quot;:&quot;0&quot;}\"><div class=\"x-feature-box-graphic circle \"><div class=\"x-feature-box-graphic-outer circle\" style=\"\"><div class=\"x-feature-box-graphic-inner circle\" style=\"font-size: 60px;\"><i class=\"x-icon-hand-spock circle\" data-x-icon-s=\"&#xf259;\"  style=\"margin: 0 auto; color: #ffffff; background-color: rgb(234, 178, 100);\"><\/i><\/div><\/div><\/div><div class=\"x-feature-box-content \"><h4 class=\"x-feature-box-title\">Langlebig<\/h4><p class=\"x-feature-box-text\" style=\"color: rgb(83,83,83);\">Wir entwickeln Ihre Software so, dass sie auch noch in vielen Jahren reibungslos funktioniert und leicht anzupassen ist.<\/p><\/div><\/div><\/div><div class=\"x-col e2004-e18 m1jo-k m1jo-l\"><div  class=\"x-feature-box center-text top-text cf\" style=\"color: rgb(83,83,83); max-width: none;\" data-x-element=\"feature_box\" data-x-params=\"{&quot;child&quot;:false,&quot;graphicAnimation&quot;:&quot;none&quot;,&quot;graphicAnimationOffset&quot;:&quot;50&quot;,&quot;graphicAnimationDelay&quot;:&quot;0&quot;}\"><div class=\"x-feature-box-graphic circle \"><div class=\"x-feature-box-graphic-outer circle\" style=\"\"><div class=\"x-feature-box-graphic-inner circle\" style=\"font-size: 60px;\"><i class=\"x-icon-puzzle-piece circle\" data-x-icon-s=\"&#xf12e;\"  style=\"margin: 0 auto; color: #ffffff; background-color: rgb(234, 178, 100);\"><\/i><\/div><\/div><\/div><div class=\"x-feature-box-content \"><h4 class=\"x-feature-box-title\">Erweiterbar<\/h4><p class=\"x-feature-box-text\" style=\"color: rgb(83,83,83);\">Unsere Anwendungen wachsen mit Ihnen mit. Ob ge\u00e4nderte Anforderungen oder eine Verzehn-, Hundert- oder Tausendfachung der Nutzerzahl \u2013 wir sind darauf vorbereitet.<\/p><\/div><\/div><\/div><div class=\"x-col e2004-e20 m1jo-k m1jo-l\"><div  class=\"x-feature-box center-text top-text cf\" style=\"color: rgb(83,83,83); max-width: none;\" data-x-element=\"feature_box\" data-x-params=\"{&quot;child&quot;:false,&quot;graphicAnimation&quot;:&quot;none&quot;,&quot;graphicAnimationOffset&quot;:&quot;50&quot;,&quot;graphicAnimationDelay&quot;:&quot;0&quot;}\"><div class=\"x-feature-box-graphic circle \"><div class=\"x-feature-box-graphic-outer circle\" style=\"\"><div class=\"x-feature-box-graphic-inner circle\" style=\"font-size: 60px;\"><i class=\"x-icon-robot circle\" data-x-icon-s=\"&#xf544;\"  style=\"margin: 0 auto; color: #ffffff; background-color: rgb(234, 178, 100);\"><\/i><\/div><\/div><\/div><div class=\"x-feature-box-content \"><h4 class=\"x-feature-box-title\">Automatisiert<\/h4><p class=\"x-feature-box-text\" style=\"color: rgb(83,83,83);\">Wir arbeiten kontinuierlich daran, uns selbst \u00fcberfl\u00fcssig zu machen. Wir automatisieren Tests, den Verteilungsprozess, Updates, Backups und alle anderen sich wiederholenden T\u00e4tigkeiten.<\/p><\/div><\/div><\/div><div class=\"x-col e2004-e22 m1jo-k m1jo-l\"><div  class=\"x-feature-box center-text top-text cf\" style=\"color: rgb(83,83,83); max-width: none;\" data-x-element=\"feature_box\" data-x-params=\"{&quot;child&quot;:false,&quot;graphicAnimation&quot;:&quot;none&quot;,&quot;graphicAnimationOffset&quot;:&quot;50&quot;,&quot;graphicAnimationDelay&quot;:&quot;0&quot;}\"><div class=\"x-feature-box-graphic circle \"><div class=\"x-feature-box-graphic-outer circle\" style=\"\"><div class=\"x-feature-box-graphic-inner circle\" style=\"font-size: 60px;\"><i class=\"x-icon-shield-alt circle\" data-x-icon-s=\"&#xf3ed;\"  style=\"margin: 0 auto; color: #ffffff; background-color: rgb(234, 178, 100);\"><\/i><\/div><\/div><\/div><div class=\"x-feature-box-content \"><h4 class=\"x-feature-box-title\">Sicher<\/h4><p class=\"x-feature-box-text\" style=\"color: rgb(83,83,83);\">Wir sch\u00fctzen Sie und Ihre Kunden vor Angriffen.<\/p><\/div><\/div><\/div><\/div><\/div><\/div><div class=\"x-section e2004-e24 m1jo-0 m1jo-2 m1jo-4\"><div class=\"x-row x-container max width e2004-e25 m1jo-5 m1jo-8 m1jo-d\"><div class=\"x-row-inner\"><div class=\"x-col e2004-e26 m1jo-k m1jo-l\"><div class=\"x-text x-text-headline e2004-e27 m1jo-z m1jo-11\"><div class=\"x-text-content\"><div class=\"x-text-content-text\"><h2 class=\"x-text-content-text-primary\">So arbeiten wir<\/h2><\/div><\/div><\/div><hr class=\"x-line e2004-e28 m1jo-12\"><\/hr><div class=\"x-text x-content e2004-e29 m1jo-o m1jo-p m1jo-s m1jo-u m1jo-w m1jo-x\">Ein solides Softwareprojekt zeichnet sich durch sorgf\u00e4ltige Planung, Entwicklung, Testen und anschlie\u00dfenden Betrieb (Wartung) aus. Im klassischen Projektmanagement finden diese Phasen nacheinander und getrennt voneinander statt (Wasserfallmodell). Wir verstehen jedoch die Notwendigkeit, flexibel auf \u00c4nderungen zu reagieren und schon fr\u00fchzeitig Qualit\u00e4t durch kontinuierliches Testen und fr\u00fches Bereitstellen von Ergebnissen sicherzustellen. Daher arbeiten wir mit modernen Methoden des agilen Projektmanagements. Wir entwickeln Ihr Projekt in kurzen Sprints, sodass Sie immer den aktuellen Entwicklungsstand im Auge behalten und b\u00f6se \u00dcberraschungen vermeiden.<\/div><hr class=\"x-line e2004-e30 m1jo-12\"><\/hr><\/div><\/div><\/div><div class=\"x-row x-container max width e2004-e31 m1jo-5 m1jo-7 m1jo-8 m1jo-e\"><div class=\"x-row-inner\"><div class=\"x-col e2004-e32 m1jo-k m1jo-l m1jo-n\"><span class=\"x-image e2004-e33 m1jo-13\"><img decoding=\"async\" src=\"https:\/\/craft-coders.de\/WordPress_SecureMode_01\/wp-content\/uploads\/2022\/06\/shutterstock_1232798983_without_title.svg\" width=\"810\" height=\"275\" alt=\"Image\" loading=\"lazy\"><\/span><\/div><\/div><\/div><\/div><div class=\"x-section e2004-e34 m1jo-0 m1jo-2 m1jo-3\"><div class=\"x-row x-container max width e2004-e35 m1jo-5 m1jo-8 m1jo-f\"><div class=\"x-row-inner\"><div class=\"x-col e2004-e36 m1jo-k m1jo-l\"><div class=\"x-text x-text-headline e2004-e37 m1jo-z m1jo-11\"><div class=\"x-text-content\"><div class=\"x-text-content-text\"><h2 class=\"x-text-content-text-primary\">So programmieren wir<\/h2><\/div><\/div><\/div><hr class=\"x-line e2004-e38 m1jo-12\"><\/hr><div class=\"x-text x-content e2004-e39 m1jo-o m1jo-p m1jo-s m1jo-u m1jo-x m1jo-y\"><p>Wir begreifen Softwareentwicklung als Handwerk \u2013 ein Handwerk, das wir ernst nehmen und auf das wir stolz sind. Wir produzieren lesbaren und wartbaren Code, den wir ohne Bedenken auch an andere Programmierer \u00fcbergeben k\u00f6nnen.<\/p>\n<p>Wir w\u00e4hlen stets das f\u00fcr die Anforderungen geeignete Werkzeug und die am besten geeignete Programmiersprache, sei es Java, C#, PHP, Python oder JavaScript. Dabei orientieren wir uns an Industriestandards und nutzen, wo m\u00f6glich, Standardbibliotheken.<\/p>\n<p>Ihre Software geh\u00f6rt Ihnen, und wir geben Ihnen jederzeit 100% Einsicht und Kontrolle \u00fcber den Quellcode. Wir sind stets bereit, Ihre Software an einen anderen Dienstleister oder Ihre eigene IT-Abteilung zu \u00fcbergeben. Wir wollen Sie durch gute Arbeit \u00fcberzeugen, nicht durch Abh\u00e4ngigkeit.<\/p>\n<p>Unsere Software wird grunds\u00e4tzlich modular aufgebaut, sodass Funktionen problemlos ge\u00e4ndert und hinzugef\u00fcgt werden k\u00f6nnen. So k\u00f6nnen wir flexibel auf ge\u00e4nderte Anforderungen reagieren und neue Funktionen implementieren.<\/p><\/div><\/div><\/div><\/div><\/div><div class=\"x-section e2004-e40 m1jo-0 m1jo-2\"><div class=\"x-row x-container max width e2004-e41 m1jo-5 m1jo-8 m1jo-g\"><div class=\"x-row-inner\"><div class=\"x-col e2004-e42 m1jo-k m1jo-l\"><div class=\"x-text x-text-headline e2004-e43 m1jo-z m1jo-11\"><div class=\"x-text-content\"><div class=\"x-text-content-text\"><h2 class=\"x-text-content-text-primary\">So automatisieren wir<\/h2><\/div><\/div><\/div><hr class=\"x-line e2004-e44 m1jo-12\"><\/hr><\/div><\/div><\/div><div class=\"x-row x-container max width e2004-e45 m1jo-5 m1jo-7 m1jo-8 m1jo-h\"><div class=\"x-row-inner\"><div class=\"x-col e2004-e46 m1jo-k m1jo-l m1jo-n\"><div class=\"x-text x-content e2004-e47 m1jo-o m1jo-p m1jo-s m1jo-u m1jo-w m1jo-x\"><p>Wir streben 100% Automatisierung an, denn wir nutzen unsere Zeit lieber f\u00fcr die Entwicklung n\u00fctzlicher Funktionen, statt f\u00fcr einfache, sich wiederholende T\u00e4tigkeiten. Diese Aufgaben \u00fcberlassen wir vertrauensvoll Computern, die sie schneller, zuverl\u00e4ssiger und effizienter erledigen. Zudem senden Computer keine Rechnungen (abgesehen von minimalen Betriebskosten).<\/p>\n<p>Selbstverst\u00e4ndlich automatisieren wir auch unseren Entwicklungsprozess (Continuous Integration) so weit wie m\u00f6glich. Wir testen Ihre Software auf mehreren Ebenen (Unit-, Integrations- und UI-Tests). Das macht unsere Software nicht nur stabiler und weniger fehleranf\u00e4llig, sondern spart auch viel Zeit, die wir nicht mit der Suche und Behebung von Fehlern (Bugs) verbringen m\u00fcssen. Sollte uns doch einmal ein Fehler unterlaufen, erstellen wir sofort einen automatisierten Test, um sicherzustellen, dass dieser Fehler in Zukunft nicht wieder auftritt.<\/p><\/div><span class=\"x-image e2004-e48 m1jo-13\"><img decoding=\"async\" src=\"https:\/\/craft-coders.de\/WordPress_SecureMode_01\/wp-content\/uploads\/2022\/06\/shutterstock_1213223074_craft_coders_colors-e1597335421680.png\" width=\"400\" height=\"206\" alt=\"Image\" loading=\"lazy\"><\/span><\/div><\/div><\/div><div class=\"x-row x-container max width e2004-e49 m1jo-5 m1jo-7 m1jo-8 m1jo-i\"><div class=\"x-row-inner\"><div class=\"x-col e2004-e50 m1jo-k m1jo-l\"><div class=\"x-text x-content e2004-e51 m1jo-o m1jo-p m1jo-s m1jo-u m1jo-w m1jo-x\"><p>Wir liefern unsere Software automatisiert aus (Continuous Delivery), sodass wir Bugfixes und Sicherheitsupdates schnell bereitstellen k\u00f6nnen und Sie neue Funktionen direkt auf einem Testsystem begutachten k\u00f6nnen.<\/p>\n<p>Auch Aufgaben des Betriebs automatisieren wir. Jeder Softwareentwickler hat schon leidvolle Erfahrungen mit Datenverlust gemacht \u2013 auch wir sind da keine Ausnahme. Doch wir haben aus unseren Fehlern gelernt und setzen auf mehrstufige, voneinander unabh\u00e4ngige automatisierte Backup-L\u00f6sungen.<\/p><\/div><\/div><\/div><\/div><\/div><\/div>\n","protected":false},"excerpt":{"rendered":"<p>Software mit Qualit\u00e4tWir behalten auch das kleinste Detail im AugeSie suchen Software, die auch in 5, 10 oder 15 Jahren problemlos funktioniert, einfach anzupassen ist und sicher gegen\u00fcber Angriffen bleibt? Dann sind Sie bei uns richtig.Unsere Qualit&auml;tsmerkmaleLanglebigWir entwickeln Ihre Software so, dass sie auch noch in vielen Jahren reibungslos funktioniert und leicht anzupassen ist.ErweiterbarUnsere Anwendungen wachsen mit Ihnen mit. Ob &#8230; <a href=\"https:\/\/craft-coders.de\/WordPress_SecureMode_01\/software-development\/\" class=\"more-link\">Read More<\/a><\/p>\n","protected":false},"author":2,"featured_media":0,"parent":0,"menu_order":0,"comment_status":"closed","ping_status":"closed","template":"template-blank-4.php","meta":{"_acf_changed":false,"inline_featured_image":false,"footnotes":""},"class_list":["post-2004","page","type-page","status-publish","hentry","no-post-thumbnail"],"acf":[],"yoast_head":"<!-- This site is optimized with the Yoast SEO plugin v22.7 - https:\/\/yoast.com\/wordpress\/plugins\/seo\/ -->\n<title>Softwareentwicklung - CraftCoders<\/title>\n<meta name=\"description\" content=\"Wir achten auf Clean Code. Unser Code ist langlebig, erweiterbar und sicher. Wir streben 100% Automatisierung an und arbeiten agil.\" \/>\n<meta name=\"robots\" content=\"index, follow, max-snippet:-1, max-image-preview:large, max-video-preview:-1\" \/>\n<link rel=\"canonical\" href=\"https:\/\/craft-coders.de\/WordPress_SecureMode_01\/software-development\/\" \/>\n<meta property=\"og:locale\" content=\"de_DE\" \/>\n<meta property=\"og:type\" content=\"article\" \/>\n<meta property=\"og:title\" content=\"Softwareentwicklung - CraftCoders\" \/>\n<meta property=\"og:description\" content=\"Wir achten auf Clean Code. Unser Code ist langlebig, erweiterbar und sicher. Wir streben 100% Automatisierung an und arbeiten agil.\" \/>\n<meta property=\"og:url\" content=\"https:\/\/craft-coders.de\/WordPress_SecureMode_01\/software-development\/\" \/>\n<meta property=\"og:site_name\" content=\"CraftCoders\" \/>\n<meta property=\"article:modified_time\" content=\"2024-08-16T12:34:42+00:00\" \/>\n<meta name=\"twitter:card\" content=\"summary_large_image\" \/>\n<meta name=\"twitter:label1\" content=\"Gesch\u00e4tzte Lesezeit\" \/>\n\t<meta name=\"twitter:data1\" content=\"4\u00a0Minuten\" \/>\n<script type=\"application\/ld+json\" class=\"yoast-schema-graph\">{\"@context\":\"https:\/\/schema.org\",\"@graph\":[{\"@type\":\"WebPage\",\"@id\":\"https:\/\/craft-coders.de\/WordPress_SecureMode_01\/software-development\/\",\"url\":\"https:\/\/craft-coders.de\/WordPress_SecureMode_01\/software-development\/\",\"name\":\"Softwareentwicklung - CraftCoders\",\"isPartOf\":{\"@id\":\"https:\/\/craft-coders.de\/WordPress_SecureMode_01\/#website\"},\"datePublished\":\"2022-06-03T18:46:55+00:00\",\"dateModified\":\"2024-08-16T12:34:42+00:00\",\"description\":\"Wir achten auf Clean Code. Unser Code ist langlebig, erweiterbar und sicher. Wir streben 100% Automatisierung an und arbeiten agil.\",\"breadcrumb\":{\"@id\":\"https:\/\/craft-coders.de\/WordPress_SecureMode_01\/software-development\/#breadcrumb\"},\"inLanguage\":\"de\",\"potentialAction\":[{\"@type\":\"ReadAction\",\"target\":[\"https:\/\/craft-coders.de\/WordPress_SecureMode_01\/software-development\/\"]}]},{\"@type\":\"BreadcrumbList\",\"@id\":\"https:\/\/craft-coders.de\/WordPress_SecureMode_01\/software-development\/#breadcrumb\",\"itemListElement\":[{\"@type\":\"ListItem\",\"position\":1,\"name\":\"Startseite\",\"item\":\"https:\/\/craft-coders.de\/WordPress_SecureMode_01\/\"},{\"@type\":\"ListItem\",\"position\":2,\"name\":\"Softwareentwicklung\"}]},{\"@type\":\"WebSite\",\"@id\":\"https:\/\/craft-coders.de\/WordPress_SecureMode_01\/#website\",\"url\":\"https:\/\/craft-coders.de\/WordPress_SecureMode_01\/\",\"name\":\"CraftCoders\",\"description\":\"Software Engineering\",\"potentialAction\":[{\"@type\":\"SearchAction\",\"target\":{\"@type\":\"EntryPoint\",\"urlTemplate\":\"https:\/\/craft-coders.de\/WordPress_SecureMode_01\/?s={search_term_string}\"},\"query-input\":\"required name=search_term_string\"}],\"inLanguage\":\"de\"}]}<\/script>\n<!-- \/ Yoast SEO plugin. -->","yoast_head_json":{"title":"Softwareentwicklung - CraftCoders","description":"Wir achten auf Clean Code. Unser Code ist langlebig, erweiterbar und sicher. Wir streben 100% Automatisierung an und arbeiten agil.","robots":{"index":"index","follow":"follow","max-snippet":"max-snippet:-1","max-image-preview":"max-image-preview:large","max-video-preview":"max-video-preview:-1"},"canonical":"https:\/\/craft-coders.de\/WordPress_SecureMode_01\/software-development\/","og_locale":"de_DE","og_type":"article","og_title":"Softwareentwicklung - CraftCoders","og_description":"Wir achten auf Clean Code. Unser Code ist langlebig, erweiterbar und sicher. Wir streben 100% Automatisierung an und arbeiten agil.","og_url":"https:\/\/craft-coders.de\/WordPress_SecureMode_01\/software-development\/","og_site_name":"CraftCoders","article_modified_time":"2024-08-16T12:34:42+00:00","twitter_card":"summary_large_image","twitter_misc":{"Gesch\u00e4tzte Lesezeit":"4\u00a0Minuten"},"schema":{"@context":"https:\/\/schema.org","@graph":[{"@type":"WebPage","@id":"https:\/\/craft-coders.de\/WordPress_SecureMode_01\/software-development\/","url":"https:\/\/craft-coders.de\/WordPress_SecureMode_01\/software-development\/","name":"Softwareentwicklung - CraftCoders","isPartOf":{"@id":"https:\/\/craft-coders.de\/WordPress_SecureMode_01\/#website"},"datePublished":"2022-06-03T18:46:55+00:00","dateModified":"2024-08-16T12:34:42+00:00","description":"Wir achten auf Clean Code. Unser Code ist langlebig, erweiterbar und sicher. Wir streben 100% Automatisierung an und arbeiten agil.","breadcrumb":{"@id":"https:\/\/craft-coders.de\/WordPress_SecureMode_01\/software-development\/#breadcrumb"},"inLanguage":"de","potentialAction":[{"@type":"ReadAction","target":["https:\/\/craft-coders.de\/WordPress_SecureMode_01\/software-development\/"]}]},{"@type":"BreadcrumbList","@id":"https:\/\/craft-coders.de\/WordPress_SecureMode_01\/software-development\/#breadcrumb","itemListElement":[{"@type":"ListItem","position":1,"name":"Startseite","item":"https:\/\/craft-coders.de\/WordPress_SecureMode_01\/"},{"@type":"ListItem","position":2,"name":"Softwareentwicklung"}]},{"@type":"WebSite","@id":"https:\/\/craft-coders.de\/WordPress_SecureMode_01\/#website","url":"https:\/\/craft-coders.de\/WordPress_SecureMode_01\/","name":"CraftCoders","description":"Software Engineering","potentialAction":[{"@type":"SearchAction","target":{"@type":"EntryPoint","urlTemplate":"https:\/\/craft-coders.de\/WordPress_SecureMode_01\/?s={search_term_string}"},"query-input":"required name=search_term_string"}],"inLanguage":"de"}]}},"_links":{"self":[{"href":"https:\/\/craft-coders.de\/WordPress_SecureMode_01\/wp-json\/wp\/v2\/pages\/2004","targetHints":{"allow":["GET"]}}],"collection":[{"href":"https:\/\/craft-coders.de\/WordPress_SecureMode_01\/wp-json\/wp\/v2\/pages"}],"about":[{"href":"https:\/\/craft-coders.de\/WordPress_SecureMode_01\/wp-json\/wp\/v2\/types\/page"}],"author":[{"embeddable":true,"href":"https:\/\/craft-coders.de\/WordPress_SecureMode_01\/wp-json\/wp\/v2\/users\/2"}],"replies":[{"embeddable":true,"href":"https:\/\/craft-coders.de\/WordPress_SecureMode_01\/wp-json\/wp\/v2\/comments?post=2004"}],"version-history":[{"count":4,"href":"https:\/\/craft-coders.de\/WordPress_SecureMode_01\/wp-json\/wp\/v2\/pages\/2004\/revisions"}],"predecessor-version":[{"id":2099,"href":"https:\/\/craft-coders.de\/WordPress_SecureMode_01\/wp-json\/wp\/v2\/pages\/2004\/revisions\/2099"}],"wp:attachment":[{"href":"https:\/\/craft-coders.de\/WordPress_SecureMode_01\/wp-json\/wp\/v2\/media?parent=2004"}],"curies":[{"name":"wp","href":"https:\/\/api.w.org\/{rel}","templated":true}]}}